(z) = z**3 - 9*z**2 - 14*z - 1. What are the prime factors of x(11)?
3, 29
Let p be 2 + 0 - (-37 + 7). What are the prime factors of p*3/18*3?
2
Suppose k - 36 = -k. List the prime factors of k.
2, 3
Suppose 202 = 2*o - 48. List the prime factors of o.
5
Suppose 0 = -2*w + 20 + 4. Let x = 25 - w. List the prime factors of x.
13
Let l be ((-3)/2 - -2)*4. Let g = 7 + l. List the prime factors of g.
3
Suppose 4*x + 16 = 2*s - 60, 0 = -4*s + 5*x + 164. List the prime factors of s.
2, 23
Suppose 2*p + 2 = p. List the prime factors of 6 + p + (-3 - -1).
2
Suppose -x + 10 = -9. List the prime factors of x.
19
Suppose 4518 = 5*a + 13*a. List the prime factors of a.
251
Suppose -21 = -3*d - 3*s, -7*d + 5*s = -2*d - 15. Suppose 27 = d*u - 33. List the prime factors of u.
2, 3
What are the prime factors of (-5 + 2)/(3/(-57))?
3, 19
Let v be (0/2 + -3)*7. Let g = v + 29. List the prime factors of g.
2
Suppose -5*q + 16 = 6. What are the prime factors of q?
2
Let c(j) = 7*j**2 + j. Suppose 0 = 5*n + 2 - 7. What are the prime factors of c(n)?
2
Suppose 4 = -g + 24. Suppose -g = -6*t + 2*t. List the prime factors of t.
5
Suppose 61*y - 57*y - 204 = 0. What are the prime factors of y?
3, 17
Suppose 4*r - 173 = 3*x, 4*x + 40 = r - 0*r. List the prime factors of r.
2, 11
Let v(l) = -37*l - 3. Let a be v(-2). Let q = -40 + a. Let n = q + -19. List the prime factors of n.
2, 3
Let t(l) = -l - 10. Let s be t(-12). Suppose -s*w = -0*w - 20. List the prime factors of w.
2, 5
Let u(t) = 3*t**2 - 5*t + 10. List the prime factors of u(-6).
2, 37
Let s = -2 - -6. What are the prime factors of ((-10)/(-15))/(s/66)?
11
Suppose a + 14 = 5*f, -2*f + 13 = 2*f + a. Let t be (-2)/8 - 51/(-12). Suppose -r + 12 = h + 1, f*h + t*r - 36 = 0. What are the prime factors of h?
2
Suppose 4*k - 2*g - 66 = 0, 2*k = 7*k + 3*g - 55. Let i = 21 - 11. Let n = k - i. What are the prime factors of n?
2
Suppose d = -m + 5, m = 2*m - 4*d. What are the prime factors of m?
2
Let k(h) = -3*h - 10. Let d be k(-4). Suppose 10 = d*z + 2. List the prime factors of z.
2
Suppose 0 = -15*z + 10*z + 30. Let l be -19 + 2/(4/z). Let r = l - -29. List the prime factors of r.
13
Let j be 21 - (0/(-2))/3. Let g = 18 - 13. Suppose -j + g = -q. List the prime factors of q.
2
Let y(n) = -n**3 + 23*n**2 - 50*n - 2. What are the prime factors of y(20)?
2, 3, 11
Suppose 0 = 7*j - 4*j. Suppose -2*v + 116 = 5*s, v + j*s - 5*s = 43. What are the prime factors of v?
53
Let x(i) = -2*i - 4. Let y be x(-4). Suppose 0*l - y*j = 4*l - 28, 5*l - 2*j - 28 = 0. List the prime factors of l.
2, 3
List the prime factors of (63/(-35))/((-4)/340).
3, 17
Let h(l) be the first derivative of l**2/2 - 3. What are the prime factors of h(3)?
3
Suppose 12 = 2*k + 4, -5*y - 2 = -3*k. Let h(m) = m**3 - y*m**3 - 2 - m**3 - 2*m**2 - m. What are the prime factors of h(-2)?
2
Let v(m) = m + 13. Suppose -3*t - 4*k = -3*k + 32, -3*t = -k + 28. Let h be v(t). Suppose j + 4*j - 10 = 0, -4*p = h*j - 30. List the prime factors of p.
2, 3
Suppose -5*o = 6 - 66. Suppose o = 4*h - 48. Suppose 5*g - 67 = -3*l, 0 = 2*l - 3*l + 2*g + h. What are the prime factors of l?
19
Suppose -5*a = -0 - 10. Let r(n) = 3*n**3 + n**2 - n. Let c be r(a). Suppose 2*k - 2*b = 16, -2*k + 2*b + c = -2*b. List the prime factors of k.
3
Let v = -69 + 119. Suppose -14 = -4*q - v. Let d = 22 + q. What are the prime factors of d?
13
Let b(y) = -y**3 + 9*y**2 + 22. What are the prime factors of b(9)?
2, 11
List the prime factors of (152/40)/(1/5).
19
Suppose 3*v - 5 = 2*v. Suppose 3*p - 133 = -2*r, 0 = -p + v*p + 2*r - 176. Suppose -5*o + p = 3*x, 5*o = -x - 0*x + 21. List the prime factors of x.
11
Let r(n) = -8*n - 4. Let q be r(-10). Suppose -t = 3*t + 5*w - q, t = -3*w + 26. What are the prime factors of t?
2, 7
Let k = 3 + -4. What are the prime factors of (-9 - -10)*(42 + k)?
41
Let w(p) = -33*p - 14. Let n(f) = 16*f + 7. Let u(r) = 5*n(r) + 2*w(r). Let m be u(5). Suppose 27 - m = -5*i. What are the prime factors of i?
2, 5
Let p = -4 - -6. Suppose 0 = -u - q + 2 - 1, -q = -p*u + 2. Suppose o + u = 15. What are the prime factors of o?
2, 7
Suppose 0 = 3*s + 5*o + 30, -2*o = -2*s - 2*s - 66. Let n be 42/(-5) + 9/s. What are the prime factors of n*(1 - (2 - 0))?
3
Let z(o) = 2*o**2 + o - 1. Let x be z(1). Let r(u) = u - 1 - 1 - x + 3. List the prime factors of r(3).
2
Suppose m + 3*m = 8. What are the prime factors of (1 + m/(-4))*28?
2, 7
What are the prime factors of ((-95)/35 - -3) + (-1097)/(-7)?
157
Suppose -8*n + 2*n = -222. What are the prime factors of n?
37
Let w be 0 + -1 - (-3 - -12). Let r(f) = -2*f - 6. Let b be r(w). Suppose -2*a + b = 6. List the prime factors of a.
2
Let s be -1 + (2 - -3) + 0. Let p(q) = -q**3 - 10*q**2 - 4*q - q + s*q - 5. List the prime factors of p(-10).
5
Let o(p) = p**3 - 8*p**2 + 8*p - 8. Let g be o(7). Let w = g - 0. Let m(z) = 6*z**2 - z. List the prime factors of m(w).
7
Let p(y) be the first derivative of y**4/4 - 14*y**3/3 + 15*y**2/2 + 13*y + 4. What are the prime factors of p(13)?
3, 13
Suppose -3*a + 161 = 2*a - 4*m, 67 = 2*a + m. Suppose 11*w - 8*w = a. What are the prime factors of w?
11
Suppose -3*r - 14 = -3*d + 130, 3*d + 2*r - 169 = 0. List the prime factors of d.
53
Let s = -3 - -2. Let j be (-4)/(-12)*(s - 32). What are the prime factors of (-1)/2*-2 - j?
2, 3
Suppose -102 = -2*j - 4*f, j - 5*f - 51 = -4*f. List the prime factors of j.
3, 17
Let b(m) = 62*m**2 - 2. What are the prime factors of b(-1)?
2, 3, 5
Let g = 68 - 47. What are the prime factors of g?
3, 7
Suppose 3*y - 4*h = -14, y + 3*h = -3*y - 2. Let n = y - -5. What are the prime factors of n?
3
Suppose -4*q - 43 = 2*a - 9, 0 = 3*q + 4*a + 23. Let z(o) = -8*o - 2*o**2 - o + o**2 + 12. List the prime factors of z(q).
2, 3
Let l = -42 - -100. List the prime factors of l.
2, 29
Suppose 5*i + m = -m + 6, -5*m - 6 = 2*i. Suppose 43 = 3*a + 5*b, 3*b - 9 = 3*a - i*a. Suppose a*f = 2*f + 60. List the prime factors of f.
3, 5
Let x = -5 - -8. Let c(i) = i**3 - 4*i**2 + 5*i - 2. Let z be c(x). Suppose 0 = -z*t, g + g - 18 = 2*t. List the prime factors of g.
3
Suppose 0 = -3*m + 8*m - 130. Let c = m + -1. What are the prime factors of c?
5
Suppose 3*p - 145 = -52. What are the prime factors of -1*p*(1 - 2)?
31
Let p = 5 + 1. Suppose p*l = 3*l - 30. List the prime factors of (24/(-15))/(4/l).
2
Let h(l) = -l. Let c be h(2). Let q be (22/6)/(c/(-6)). Let j = 1 + q. List the prime factors of j.
2, 3
Let h = -6 + 3. What are the prime factors of (13 + h - -2)/2?
2, 3
Let u(l) be the third derivative of 3*l**6/40 - l**4/12 + l**3/6 + 4*l**2. What are the prime factors of u(1)?
2
Let w(k) = k**2 + 6*k + 2. Let n be w(-4). Let y = -5 - n. Let x = 5 - y. What are the prime factors of x?
2
What are the prime factors of 4/(0 + 4/74)?
2, 37
List the prime factors of (-8)/4*(-95)/2.
5, 19
Let n = -1 - -5. Let b = -4 + n. Let y(j) = j**2 - j + 4. List the prime factors of y(b).
2
Let o be (10/6 + 0)*3. Suppose -5*z - 2*u + 25 = u, -3*u - o = -z. List the prime factors of z.
5
Suppose -5*o + 0*v + 130 = -4*v, 4*v - 52 = -2*o. What are the prime factors of o?
2, 13
Suppose d + 2*r = 6*r - 15, 4*d = 4*r - 108. Let t be (86/2)/(0 - -1). Let h = d + t. What are the prime factors of h?
2, 3
Suppose -46 = 2*j - 0*j + 2*p, 2*j = -4*p - 52. Let f = 32 + j. List the prime factors of f.
2, 3
List the prime factors of 908/16 + 2/8.
3, 19
Let m(p) = p**3 + 12*p**2 - p + 17. Let a be m(-12). Suppose 5*v + 18 = 5*r - 7, 3*v = 5*r - a. What are the prime factors of r?
7
Let v = 72 - -51. List the prime factors of v.
3, 41
Let s(i) = -i**2 - 5*i - 2. Let r be s(-4). Let v(j) = j**2 - 2 + 2*j**2 + 7*j - 2*j**2 - r*j**2. List the prime factors of v(3).
2, 5
Let p = 8 - 4. Suppose 5 = 5*n - p*n. Let s = 12 - n. What are the prime factors of s?
7
Suppose 5*r = 2*q + 56, 2*q + 2*r = -18 - 10. Let a be q + 5/(5/3). What are the prime factors of 56/5 - (-3)/a?
11
Let s = 215 + -119. Suppose 4*h + 0*h = 2*i - 56, 4*h + s = 4*i. List the prime factors of i.
2, 5
Let g(f) be the first derivative of -f**2/2 + 3*f + 3. List the prime factors of g(-5).
2
Suppose 0*m = -5*m + 470. List the prime factors of m.
2, 47
Let y(g) = -8*g**3 - 4*g**2 - 9*g + 9. Let f(d) = -7*d**3 - 4*d**2 - 8*d + 8. Let k(o) = -7*f(o